*p + 2*p. List the prime factors of p.
7
Suppose 4*u - 2*j - 437 = 2027, -4*j = u - 625. List the prime factors of u.
617
Let u be 50/4 - 7/14. Suppose 9*w + u = 12*w. Suppose 13 = 3*x - v - w, 0 = v - 4. List the prime factors of x.
7
Let w(p) = p**3 - 12 + 68*p**2 + 2*p - 16*p - 59*p**2. Suppose 5*i - 4*k = -42, 2*i = -3*i + 2*k - 46. What are the prime factors of w(i)?
2, 7
Let a(g) = g. Let k(s) = -s**2 - 5*s - 3. Let n(u) = -6*a(u) + k(u). Let w be n(-8). Suppose 2*m + w = 5*m. What are the prime factors of m?
7
Suppose o + 0*d - 84 = -3*d, -2 = 2*d. Let y = o + -44. List the prime factors of y.
43
Suppose 5*v + 6 = 31. Suppose -11 = -v*a + 34. Let l = a + 10. What are the prime factors of l?
19
Suppose 180 - 33 = 3*l - 3*b, 0 = -2*l - 5*b + 84. What are the prime factors of l?
47
Suppose 3*g + 303 = 3*d, d - 65 = 3*g + 44. Suppose u + 4*n - d = 76, 829 = 5*u + 2*n. What are the prime factors of u?
3, 5, 11
Let h = -18 - -18. Suppose h = -x - x - 2, 92 = s + 5*x. What are the prime factors of s?
97
Let v(p) = -p - 2 + 4 + 15. Let g be v(5). Let j = 41 + g. List the prime factors of j.
53
Let v be (-46)/(-14) + (-2)/7. Let g be ((-3 + v)/4)/(-1). Suppose g = -4*a - 99 + 291. What are the prime factors of a?
2, 3
Let n be (0 - -10)/(5 - 4). Suppose 0 = n*z - 7*z - 42. List the prime factors of z.
2, 7
Suppose -3*c - 2*c + 10 = 0. Suppose -c*g + 10 = -2*w, -g - 9 = 3*w + 10. Let l = -2 - w. What are the prime factors of l?
2
Let r = -436 + 592. List the prime factors of r.
2, 3, 13
List the prime factors of 85*((-536)/(-20) + -2).
2, 17, 31
List the prime factors of (-1452)/(-15) + 14/70.
97
Let j = 1483 + 99. What are the prime factors of j?
2, 7, 113
Let x(r) = -6*r**3 + 4*r**2 + 11*r + 7. Let d(s) = -7*s**3 + 4*s**2 + 12*s + 6. Let k(b) = 5*d(b) - 6*x(b). What are the prime factors of k(7)?
3, 31
Let g = -5 + 9. Suppose -2*m - 21 + g = 5*f, -3*m + 2*f + 3 = 0. Let b(q) = -4*q**3 - 2*q**2 + 1. What are the prime factors of b(m)?
3
Suppose 3*y = 3*v + 459, 2*y = 4*v - 25 + 331. List the prime factors of y.
3, 17
Let i = 354 - 87. List the prime factors of i.
3, 89
Let q = 4 + -6. Let h = -4 - q. Let b(d) = -2*d**3 - d**2 + 2*d - 1. List the prime factors of b(h).
7
Let i(y) = 253*y**3 + 3*y**2 + 9*y - 10. What are the prime factors of i(1)?
3, 5, 17
Suppose -5*g = 3*y - 1599, 5*y - 1085 = 3*y + 3*g. Suppose 0*p + y = 4*p - 5*l, -p = -3*l - 138. What are the prime factors of p?
2, 3, 11
Suppose -5*s - 25 = -10, -4*c = -4*s - 24. Suppose -58 - 197 = -c*y. What are the prime factors of y?
5, 17
Let g(o) be the third derivative of o**6/120 + o**5/6 + 5*o**4/12 + o**3 - 20*o**2. List the prime factors of g(-8).
2, 3
Let h = 422 - 55. What are the prime factors of h?
367
Let c(u) = 66*u**2 - 1. Let x be c(1). Let k = 134 - x. List the prime factors of k.
3, 23
Let h = 8 + -18. Let d be 68/h*10/(-4). Suppose -2*q - d = -3*q. What are the prime factors of q?
17
Let u(i) = 124*i + 4. Let z be u(1). Suppose z = 3*d - d. What are the prime factors of d?
2
Let i = -70 + 306. What are the prime factors of i?
2, 59
Let m be 60/18*3/2. Suppose 4*x = 3*j - 42, 0*j + 2*x + 70 = m*j. What are the prime factors of j?
2, 7
Suppose 0*o = 3*o + 72. Let i = 17 + o. Let y(f) = f**2 + 3*f - 4. What are the prime factors of y(i)?
2, 3
Let u(r) = -r + 5. Let b be u(-15). Let q be ((-4)/(-5))/(4/b). Suppose 3*v - 7 - 102 = -5*l, 0 = -q*l - 4*v + 84. What are the prime factors of l?
23
What are the prime factors of (2/4 + -1)*(5 - 79)?
37
Let d(c) = c**2 + 7*c + 3. Let q be d(-7). Suppose -q*j + 58 = -26. Let h = 80 - j. List the prime factors of h.
2, 13
Suppose 0 = -2*c + 16 - 6. Suppose 0 = x - 2*x - 2, -265 = -c*n + 5*x. What are the prime factors of n?
3, 17
Let t(j) be the second derivative of -j**5/20 - 19*j**4/12 - j**3/6 + 22*j**2 - 22*j. List the prime factors of t(-19).
3, 7
Let f(z) = 8*z**3 + 2*z - 3. Let h(p) = -15*p**3 - 3*p + 5. Let t(d) = 5*f(d) + 3*h(d). Suppose -n - 3 + 1 = 0. List the prime factors of t(n).
2, 19
Suppose 0*h - 2*h = 2*v - 6, -12 = -3*v. Let r(z) = -2*z. Let j be r(h). Suppose y - 13 = -5*q, -j*y + 70 = -0*q - q. List the prime factors of y.
3, 11
Let s(y) = 17*y**2 + 21*y - 3. What are the prime factors of s(3)?
3, 71
Suppose 5*k = 5*b + 20, 4*b + 1 = 6*b - 5*k. Suppose 0 = -19*l + 4 - 346. Let x = b - l. What are the prime factors of x?
11
Suppose 0 = 5*c - 3*o - 395, -4*c + 4*o = 6*o - 316. List the prime factors of c.
79
Suppose 55*a - 75*a = -60440. What are the prime factors of a?
2, 1511
Suppose -83*y = -86*y - 3, -3*d = -y - 5209. What are the prime factors of d?
2, 7, 31
Suppose -29 = -5*n - 4*y + 8, 5*n = -3*y + 34. Suppose 3*o - 2*o = 4*g, -n*g = o - 9. Let s(x) = 5*x**2 - 1. What are the prime factors of s(g)?
2
Let i(t) = t**3 + t**2 - t + 8. Let d be i(0). Suppose -o - d = -3*o. Suppose 0 = -2*f + o*q + 148, 4*f - 125 - 149 = -3*q. List the prime factors of f.
2, 5, 7
Suppose 3*n - 4 = -t - 0, -t + 2*n = 1. Suppose 5*w - t = 4*w. Suppose -x - 2*z + 35 = w, 5*x = 4*z + 170. List the prime factors of x.
2, 17
Suppose 5*a + 248 = -3*l, -l + 3*l + a = -163. Let h = l + 121. List the prime factors of h.
2, 5
Suppose -40869 = -343*j + 324*j. List the prime factors of j.
3, 239
Let h = 308 - 2. What are the prime factors of h?
2, 3, 17
Let q be (-1 - 1)*26/(-8)*10. Let y be (92/16)/((-2)/(-40)). Let p = y - q. List the prime factors of p.
2, 5
Let n = 33 - 40. Let a(l) = 3*l**2 + 6*l + 17. What are the prime factors of a(n)?
2, 61
Let m(z) = 12*z + 49 - 66*z - 3 + 27*z. What are the prime factors of m(-4)?
2, 7, 11
Suppose 3*q = 2*v + 2*v + 18, 0 = -3*q - 5*v + 45. Let d(k) = k**2 - 11*k + 6. Let r be d(q). What are the prime factors of r*(-6)/(2/2)?
2, 3
Let t(y) = 3*y**2 + 134*y - 267. List the prime factors of t(-58).
2053
Suppose 6*y = y, l + 4*y = 6. Let f(g) = g**3 - 4*g**2 - 13*g + 9. Let p be f(l). Suppose -2*b + 16 + 10 = -p*i, 3*b - 5*i = 39. List the prime factors of b.
13
Let p = -6 + 12. Suppose 5*d - 31 = -t, -d + p*d = -5*t + 55. What are the prime factors of t/(3/(-1)) + 10?
2
Let t(u) = -6*u + 2*u**2 - 6 - 12*u - u + u. List the prime factors of t(12).
2, 3, 11
Suppose 4*v - 168 - 12 = 0. Let o = 80 - v. List the prime factors of o.
5, 7
Let p(t) = -8*t + 6*t**2 + 7*t - 1 - t**2. Let u(x) = 2*x + 4. Let h be u(-3). List the prime factors of p(h).
3, 7
Let p = -95 + 92. What are the prime factors of p - -6 - (-3 + -149)?
5, 31
List the prime factors of 6 + 2146 - 7 - (5 + -1).
2141
Suppose c = 6*c + 170. Let k = c + 28. What are the prime factors of k/10 + 148/5?
29
Suppose -20 = -7*y + 3*y. Let d(p) = -6 - y + 8 - 6*p. List the prime factors of d(-7).
3, 13
Let k(h) = 119*h**2 - 7*h + 8. Let f be k(2). Suppose -138 = -5*a + 5*m + 362, 5*a = -5*m + f. What are the prime factors of a?
97
Let p = 652 + 866. Suppose 9*j = -13*j + p. List the prime factors of j.
3, 23
Let t(o) = o**3 - 16*o**2 + 16*o - 13. Let p be t(14). Let h = -103 - p. What are the prime factors of h?
2, 3, 13
Let x be 2 + (-1 - (-73)/1). Let w = x + -30. Let h = -30 + w. List the prime factors of h.
2, 7
Suppose -6 = -3*q + 12. Let n be 2 + ((-6)/(-1) - 4). Suppose -4*d = 5*o - 0*o + q, 2*o + 2*d + n = 0. List the prime factors of o.
2
Let o(f) = 2*f - 3. Let u be o(4). Suppose 42*k - 30 = 37*k. Suppose 0 = -k*l + u*l + 23. What are the prime factors of l?
23
List the prime factors of (-7736)/(-16) - (0 + (-15)/6).
2, 3
Let n = 53 + -55. Let m = n - -52. List the prime factors of m.
2, 5
Let w be (-17 - -23)*((-2)/(-1) - 1). Suppose w*f - 765 = 183. What are the prime factors of f?
2, 79
Let v = 1174 + -729. What are the prime factors of v?
5, 89
Let j(p) = 3*p**2 - 6*p - 13. Suppose 0 = x + 2, 5*y + 0*x + 23 = -4*x. List the prime factors of j(y).
2
Let h = 586 + -203. List the prime factors of h.
383
Let b(a) = 13*a + 18. Let u be b(10). Suppose 3*i = 233 + u. List the prime factors of i.
127
Let q be ((-3 - -3)/(-2))/(-1). Suppose q = 3*y - 4*f + 48, -4*f + 7 = -2*y - 25. List the prime factors of y/4*(0 - 1).
2
Let i(w) be the third derivative of 13*w**5/12 + w**4/6 - w**3/3 + 4*w**2. What are the prime factors of i(1)?
67
Suppose -4*x + 15016 = 5*f, -5*x + 9597 - 590 = 3*f. List the prime factors of f.
2, 751
Suppose -5*u - 4 = -7*u.